[INFO] fetching crate factory_steel_derive 0.1.0...
[INFO] checking factory_steel_derive-0.1.0 against master#e6e4f7ed1589e03bc2f6c5931c1a72e7947e8682 for beta-170-4
[INFO] extracting crate factory_steel_derive 0.1.0 into /workspace/builds/worker-1-tc2/source
[INFO] validating manifest of crates.io crate factory_steel_derive 0.1.0 on toolchain e6e4f7ed1589e03bc2f6c5931c1a72e7947e8682
[INFO] running `Command { std: CARGO_HOME="/workspace/cargo-home" RUSTUP_HOME="/workspace/rustup-home" "/workspace/cargo-home/bin/cargo" "+e6e4f7ed1589e03bc2f6c5931c1a72e7947e8682" "metadata" "--manifest-path" "Cargo.toml" "--no-deps", kill_on_drop: false }`
[INFO] started tweaking crates.io crate factory_steel_derive 0.1.0
[INFO] removed 0 missing tests
[INFO] finished tweaking crates.io crate factory_steel_derive 0.1.0
[INFO] tweaked toml for crates.io crate factory_steel_derive 0.1.0 written to /workspace/builds/worker-1-tc2/source/Cargo.toml
[INFO] running `Command { std: CARGO_HOME="/workspace/cargo-home" RUSTUP_HOME="/workspace/rustup-home" __CARGO_TEST_CHANNEL_OVERRIDE_DO_NOT_USE_THIS="nightly" "/workspace/cargo-home/bin/cargo" "+e6e4f7ed1589e03bc2f6c5931c1a72e7947e8682" "generate-lockfile" "--manifest-path" "Cargo.toml" "-Zno-index-update", kill_on_drop: false }`
[INFO] running `Command { std: CARGO_HOME="/workspace/cargo-home" RUSTUP_HOME="/workspace/rustup-home" "/workspace/cargo-home/bin/cargo" "+e6e4f7ed1589e03bc2f6c5931c1a72e7947e8682" "fetch" "--manifest-path" "Cargo.toml", kill_on_drop: false }`
[INFO] [stderr] warning: An explicit [[test]] section is specified in Cargo.toml which currently
[INFO] [stderr] disables Cargo from automatically inferring other test targets.
[INFO] [stderr] This inference behavior will change in the Rust 2018 edition and the following
[INFO] [stderr] files will be included as a test target:
[INFO] [stderr] 
[INFO] [stderr] * /workspace/builds/worker-1-tc2/source/tests/factory.rs
[INFO] [stderr] 
[INFO] [stderr] This is likely to break cargo build or cargo test as these files may not be
[INFO] [stderr] ready to be compiled as a test target today. You can future-proof yourself
[INFO] [stderr] and disable this warning by adding `autotests = false` to your [package]
[INFO] [stderr] section. You may also move the files to a location where Cargo would not
[INFO] [stderr] automatically infer them to be a target, such as in subfolders.
[INFO] [stderr] 
[INFO] [stderr] For more information on this warning you can consult
[INFO] [stderr] https://github.com/rust-lang/cargo/issues/5330
[INFO] running `Command { std: "docker" "create" "-v" "/var/lib/crater-agent-workspace/builds/worker-1-tc2/target:/opt/rustwide/target:rw,Z" "-v" "/var/lib/crater-agent-workspace/builds/worker-1-tc2/source:/opt/rustwide/workdir:ro,Z" "-v" "/var/lib/crater-agent-workspace/cargo-home:/opt/rustwide/cargo-home:ro,Z" "-v" "/var/lib/crater-agent-workspace/rustup-home:/opt/rustwide/rustup-home:ro,Z" "-e" "SOURCE_DIR=/opt/rustwide/workdir" "-e" "CARGO_TARGET_DIR=/opt/rustwide/target" "-e" "CARGO_HOME=/opt/rustwide/cargo-home" "-e" "RUSTUP_HOME=/opt/rustwide/rustup-home" "-w" "/opt/rustwide/workdir" "-m" "1610612736" "--user" "0:0" "--network" "none" "ghcr.io/rust-lang/crates-build-env/linux@sha256:19e73879b68f455e41552ea35293514db52ea292d993f571636dbffedb77a1ee" "/opt/rustwide/cargo-home/bin/cargo" "+e6e4f7ed1589e03bc2f6c5931c1a72e7947e8682" "metadata" "--no-deps" "--format-version=1", kill_on_drop: false }`
[INFO] [stdout] 96006178092e470434595c318adf0ab4b7b379c738de5c05f68cb0bb024db0ff
[INFO] running `Command { std: "docker" "start" "-a" "96006178092e470434595c318adf0ab4b7b379c738de5c05f68cb0bb024db0ff", kill_on_drop: false }`
[INFO] running `Command { std: "docker" "inspect" "96006178092e470434595c318adf0ab4b7b379c738de5c05f68cb0bb024db0ff", kill_on_drop: false }`
[INFO] running `Command { std: "docker" "rm" "-f" "96006178092e470434595c318adf0ab4b7b379c738de5c05f68cb0bb024db0ff", kill_on_drop: false }`
[INFO] [stdout] 96006178092e470434595c318adf0ab4b7b379c738de5c05f68cb0bb024db0ff
[INFO] running `Command { std: "docker" "create" "-v" "/var/lib/crater-agent-workspace/builds/worker-1-tc2/target:/opt/rustwide/target:rw,Z" "-v" "/var/lib/crater-agent-workspace/builds/worker-1-tc2/source:/opt/rustwide/workdir:ro,Z" "-v" "/var/lib/crater-agent-workspace/cargo-home:/opt/rustwide/cargo-home:ro,Z" "-v" "/var/lib/crater-agent-workspace/rustup-home:/opt/rustwide/rustup-home:ro,Z" "-e" "SOURCE_DIR=/opt/rustwide/workdir" "-e" "CARGO_TARGET_DIR=/opt/rustwide/target" "-e" "CARGO_INCREMENTAL=0" "-e" "RUST_BACKTRACE=full" "-e" "RUSTFLAGS=--cap-lints=forbid" "-e" "RUSTDOCFLAGS=--cap-lints=forbid" "-e" "CARGO_HOME=/opt/rustwide/cargo-home" "-e" "RUSTUP_HOME=/opt/rustwide/rustup-home" "-w" "/opt/rustwide/workdir" "-m" "1610612736" "--user" "0:0" "--network" "none" "ghcr.io/rust-lang/crates-build-env/linux@sha256:19e73879b68f455e41552ea35293514db52ea292d993f571636dbffedb77a1ee" "/opt/rustwide/cargo-home/bin/cargo" "+e6e4f7ed1589e03bc2f6c5931c1a72e7947e8682" "check" "--frozen" "--all" "--all-targets" "--message-format=json", kill_on_drop: false }`
[INFO] [stdout] 839da5bf98c997f6bb2551923ce03b0cc10fd4a73641aaefbbd75e697aa562ea
[INFO] running `Command { std: "docker" "start" "-a" "839da5bf98c997f6bb2551923ce03b0cc10fd4a73641aaefbbd75e697aa562ea", kill_on_drop: false }`
[INFO] [stderr] warning: An explicit [[test]] section is specified in Cargo.toml which currently
[INFO] [stderr] disables Cargo from automatically inferring other test targets.
[INFO] [stderr] This inference behavior will change in the Rust 2018 edition and the following
[INFO] [stderr] files will be included as a test target:
[INFO] [stderr] 
[INFO] [stderr] * /opt/rustwide/workdir/tests/factory.rs
[INFO] [stderr] 
[INFO] [stderr] This is likely to break cargo build or cargo test as these files may not be
[INFO] [stderr] ready to be compiled as a test target today. You can future-proof yourself
[INFO] [stderr] and disable this warning by adding `autotests = false` to your [package]
[INFO] [stderr] section. You may also move the files to a location where Cargo would not
[INFO] [stderr] automatically infer them to be a target, such as in subfolders.
[INFO] [stderr] 
[INFO] [stderr] For more information on this warning you can consult
[INFO] [stderr] https://github.com/rust-lang/cargo/issues/5330
[INFO] [stderr]     Checking unicode-xid v0.1.0
[INFO] [stderr]    Compiling proc-macro2 v0.3.8
[INFO] [stderr]     Checking quote v0.5.2
[INFO] [stderr]     Checking syn v0.13.11
[INFO] [stderr]     Checking factory_steel_derive v0.1.0 (/opt/rustwide/workdir)
[INFO] [stdout] warning: unused `#[macro_use]` import
[INFO] [stdout]  --> src/lib.rs:5:1
[INFO] [stdout]   |
[INFO] [stdout] 5 | #[macro_use]
[INFO] [stdout]   | ^^^^^^^^^^^^
[INFO] [stdout]   |
[INFO] [stdout]   = note: `#[warn(unused_imports)]` on by default
[INFO] [stdout] 
[INFO] [stdout] 
[INFO] [stdout] warning: unused `#[macro_use]` import
[INFO] [stdout]  --> src/lib.rs:5:1
[INFO] [stdout]   |
[INFO] [stdout] 5 | #[macro_use]
[INFO] [stdout]   | ^^^^^^^^^^^^
[INFO] [stdout]   |
[INFO] [stdout]   = note: `#[warn(unused_imports)]` on by default
[INFO] [stdout] 
[INFO] [stdout] 
[INFO] [stdout] warning: 1 warning emitted
[INFO] [stdout] 
[INFO] [stdout] 
[INFO] [stdout] warning: 1 warning emitted
[INFO] [stdout] 
[INFO] [stdout] 
[INFO] [stdout] warning: unused `#[macro_use]` import
[INFO] [stdout]  --> src/lib.rs:5:1
[INFO] [stdout]   |
[INFO] [stdout] 5 | #[macro_use]
[INFO] [stdout]   | ^^^^^^^^^^^^
[INFO] [stdout]   |
[INFO] [stdout]   = note: `#[warn(unused_imports)]` on by default
[INFO] [stdout] 
[INFO] [stdout] 
[INFO] [stdout] warning: 1 warning emitted
[INFO] [stdout] 
[INFO] [stdout] 
[INFO] [stdout] error[E0463]: can't find crate for `factory_steel`
[INFO] [stdout]  --> tests/tests.rs:2:1
[INFO] [stdout]   |
[INFO] [stdout] 2 | extern crate factory_steel;
[INFO] [stdout]   | ^^^^^^^^^^^^^^^^^^^^^^^^^^^ can't find crate
[INFO] [stdout] 
[INFO] [stdout] 
[INFO] [stdout] error: cannot determine resolution for the derive macro `Factory`
[INFO] [stdout]  --> tests/factory.rs:5:14
[INFO] [stdout]   |
[INFO] [stdout] 5 |     #[derive(Factory)]
[INFO] [stdout]   |              ^^^^^^^
[INFO] [stdout]   |
[INFO] [stdout]   = note: import resolution is stuck, try simplifying macro imports
[INFO] [stdout] 
[INFO] [stdout] 
[INFO] [stdout] error: cannot determine resolution for the derive macro `Factory`
[INFO] [stdout]   --> tests/factory.rs:20:14
[INFO] [stdout]    |
[INFO] [stdout] 20 |     #[derive(Factory)]
[INFO] [stdout]    |              ^^^^^^^
[INFO] [stdout]    |
[INFO] [stdout]    = note: import resolution is stuck, try simplifying macro imports
[INFO] [stdout] 
[INFO] [stdout] 
[INFO] [stdout] error: cannot find attribute `facto` in this scope
[INFO] [stdout]   --> tests/factory.rs:22:11
[INFO] [stdout]    |
[INFO] [stdout] 22 |         #[facto(default = "John Doe")]
[INFO] [stdout]    |           ^^^^^
[INFO] [stdout] 
[INFO] [stdout] 
[INFO] [stdout] error: cannot find attribute `facto` in this scope
[INFO] [stdout]   --> tests/factory.rs:24:11
[INFO] [stdout]    |
[INFO] [stdout] 24 |         #[facto(default = "23")]
[INFO] [stdout]    |           ^^^^^
[INFO] [stdout] 
[INFO] [stdout] 
[INFO] [stdout] error: cannot find attribute `facto` in this scope
[INFO] [stdout]   --> tests/factory.rs:26:11
[INFO] [stdout]    |
[INFO] [stdout] 26 |         #[facto(default = "44")]
[INFO] [stdout]    |           ^^^^^
[INFO] [stdout] 
[INFO] [stdout] 
[INFO] [stdout] error: cannot find attribute `facto` in this scope
[INFO] [stdout]   --> tests/factory.rs:28:11
[INFO] [stdout]    |
[INFO] [stdout] 28 |         #[facto(default = "33")]
[INFO] [stdout]    |           ^^^^^
[INFO] [stdout] 
[INFO] [stdout] 
[INFO] [stdout] error: cannot find attribute `facto` in this scope
[INFO] [stdout]   --> tests/factory.rs:30:11
[INFO] [stdout]    |
[INFO] [stdout] 30 |         #[facto(default = "3.3")]
[INFO] [stdout]    |           ^^^^^
[INFO] [stdout] 
[INFO] [stdout] 
[INFO] [stdout] error: cannot find attribute `facto` in this scope
[INFO] [stdout]   --> tests/factory.rs:32:11
[INFO] [stdout]    |
[INFO] [stdout] 32 |         #[facto(default = "true")]
[INFO] [stdout]    |           ^^^^^
[INFO] [stdout] 
[INFO] [stdout] 
[INFO] [stdout] error: cannot determine resolution for the derive macro `Factory`
[INFO] [stdout]   --> tests/factory.rs:47:14
[INFO] [stdout]    |
[INFO] [stdout] 47 |     #[derive(Factory)]
[INFO] [stdout]    |              ^^^^^^^
[INFO] [stdout]    |
[INFO] [stdout]    = note: import resolution is stuck, try simplifying macro imports
[INFO] [stdout] 
[INFO] [stdout] 
[INFO] [stdout] error: cannot determine resolution for the derive macro `Factory`
[INFO] [stdout]   --> tests/factory.rs:52:14
[INFO] [stdout]    |
[INFO] [stdout] 52 |     #[derive(Factory)]
[INFO] [stdout]    |              ^^^^^^^
[INFO] [stdout]    |
[INFO] [stdout]    = note: import resolution is stuck, try simplifying macro imports
[INFO] [stdout] 
[INFO] [stdout] 
[INFO] [stdout] error: cannot find attribute `facto` in this scope
[INFO] [stdout]   --> tests/factory.rs:55:11
[INFO] [stdout]    |
[INFO] [stdout] 55 |         #[facto(sub_factory)]
[INFO] [stdout]    |           ^^^^^
[INFO] [stdout] 
[INFO] [stdout] 
[INFO] [stdout] error[E0599]: no function or associated item named `create` found for struct `factory::derive_factory_with_only_default::MyModel` in the current scope
[INFO] [stdout]   --> tests/factory.rs:12:22
[INFO] [stdout]    |
[INFO] [stdout] 6  |     struct MyModel {
[INFO] [stdout]    |     -------------- function or associated item `create` not found for this struct
[INFO] [stdout] ...
[INFO] [stdout] 12 |     let m = MyModel::create();
[INFO] [stdout]    |                      ^^^^^^ function or associated item not found in `MyModel`
[INFO] [stdout] 
[INFO] [stdout] 
[INFO] [stdout] error[E0599]: no function or associated item named `create` found for struct `factory::derive_factory_with_field_default_option::MyModel` in the current scope
[INFO] [stdout]   --> tests/factory.rs:36:22
[INFO] [stdout]    |
[INFO] [stdout] 21 |     struct MyModel {
[INFO] [stdout]    |     -------------- function or associated item `create` not found for this struct
[INFO] [stdout] ...
[INFO] [stdout] 36 |     let m = MyModel::create();
[INFO] [stdout]    |                      ^^^^^^ function or associated item not found in `MyModel`
[INFO] [stdout] 
[INFO] [stdout] 
[INFO] [stdout] error[E0599]: no function or associated item named `create` found for struct `factory::derive_factory_with_sub_factory::MyModel` in the current scope
[INFO] [stdout]   --> tests/factory.rs:59:22
[INFO] [stdout]    |
[INFO] [stdout] 53 |     struct MyModel {
[INFO] [stdout]    |     -------------- function or associated item `create` not found for this struct
[INFO] [stdout] ...
[INFO] [stdout] 59 |     let m = MyModel::create();
[INFO] [stdout]    |                      ^^^^^^ function or associated item not found in `MyModel`
[INFO] [stdout] 
[INFO] [stdout] 
[INFO] [stdout] error: aborting due to 15 previous errors
[INFO] [stdout] 
[INFO] [stdout] 
[INFO] [stdout] Some errors have detailed explanations: E0463, E0599.
[INFO] [stdout] 
[INFO] [stdout] For more information about an error, try `rustc --explain E0463`.
[INFO] [stdout] 
[INFO] [stderr] error: could not compile `factory_steel_derive` (test "tests") due to 16 previous errors
[INFO] running `Command { std: "docker" "inspect" "839da5bf98c997f6bb2551923ce03b0cc10fd4a73641aaefbbd75e697aa562ea", kill_on_drop: false }`
[INFO] running `Command { std: "docker" "rm" "-f" "839da5bf98c997f6bb2551923ce03b0cc10fd4a73641aaefbbd75e697aa562ea", kill_on_drop: false }`
[INFO] [stdout] 839da5bf98c997f6bb2551923ce03b0cc10fd4a73641aaefbbd75e697aa562ea
